What is the hundreds digit of p?
8
Let p(g) = 139*g**2 + 7. Let r(i) = -i**3 - 9*i**2 - 8*i - 2. Let j be r(-8). What is the hundreds digit of p(j)?
5
Let k = -2555 - -3620. What is the thousands digit of k?
1
Let l = 160117 - 98023. What is the thousands digit of l?
2
Suppose -98*q + 44286 = -1011174. What is the thousands digit of q?
0
Let z be (-12)/(72/(-30)) - -1. What is the thousands digit of (-18081)/28*-2 + (-9)/z?
1
What is the hundreds digit of (2*(-102903)/10)/(5 + 140/(-25))?
3
Let d(k) = -k**2 - 3*k + 2. Let i be d(-2). Suppose -281 = -i*v + 191. What is the tens digit of v?
1
Suppose -2599 = -17*v + 14*v - 2*s, 0 = 5*v - 2*s - 4321. What is the units digit of v?
5
Suppose 3*y = -y + 324. Let b = 45 - y. Let c = b - -127. What is the units digit of c?
1
Let l be 104 + 5 + -2 + 1 + -1. What is the hundreds digit of 5*l - (17 - 5)/3?
5
Suppose 3*o - l - 4 = 10, 2*l - 2 = 0. Suppose 6 = o*p - 2*j + 562, 4*j + 120 = -p. Let w = p + 250. What is the units digit of w?
8
What is the hundreds digit of 13393 - -1 - 468/(-156)?
3
What is the hundreds digit of (1 + -251612)/(21/(-3)) - (-3)/(-7)?
9
Let a(x) = -10*x**3 + 4*x**2 + 15*x + 71. Let s be a(-6). Let h = s + -444. What is the units digit of h?
1
Let x(l) = -5394*l + 581. What is the tens digit of x(-13)?
0
Let c(s) = -9 + 21 + 10*s - 9 + 40. What is the units digit of c(-4)?
3
Let l(c) = -7*c**2 - 8*c**2 + 14*c**2 + 7*c. Let a be l(5). Suppose -110 + 860 = a*v. What is the tens digit of v?
7
Suppose 2*d = -36 + 8. Let t be (1 + -2)/(7/d). Suppose -b - 293 = -4*b - n, -t*n - 374 = -4*b. What is the tens digit of b?
9
Suppose 4*z + 3*c - 1357 = -4517, 2*c = 0. Let x = -408 - z. What is the units digit of x?
2
Suppose 5967 = -40*j + 41*j - 4*k, 11958 = 2*j + 4*k. What is the units digit of j?
5
Suppose 17*b - 440547 = -127628. What is the units digit of b?
7
Let t = 1108 + -315. Suppose -3*d + 782 + t = 0. What is the units digit of d?
5
What is the tens digit of 1/9 - (-14 - (-3 + (-1101958)/(-99)))?
4
Suppose -20*n + 7812 = 2392. What is the units digit of n?
1
Let t(h) = h**3 + 12*h**2 + 20*h + 2. Let o be t(-2). Suppose 3*z - 4*k = 0, o*z - 3*k + 4 = k. What is the units digit of z?
4
Let i be 4/2*204/8. Suppose v - 2*d = 3*d + 38, -30 = -v + d. Let l = i - v. What is the tens digit of l?
2
Let u be 0 + 3 - (6 + -9) - 3. Let o(j) = -11*j + 15. Let y be o(u). Let z = y + 113. What is the tens digit of z?
9
Suppose 3*n + 0*y - 12786 = -y, -21342 = -5*n + 9*y. What is the hundreds digit of n?
2
Suppose 0 = -w + 332 + 66. Let k = -1303 - -1307. Suppose k*h = -5*a + 497, 6*h = -4*a + 3*h + w. What is the hundreds digit of a?
1
Suppose 27895 = 31*s - 137087 - 201872. What is the thousands digit of s?
1
Suppose -20 = -5*d, 3*d - d = -3*s + 113. Suppose 0 = -9*i - 5*i - 476. Let f = i + s. What is the units digit of f?
1
Let h(c) = -c**3 + 35*c**2 - 7*c - 99. Let q be h(34). Suppose q = -u + 14*u. What is the tens digit of u?
6
Let j = 33 - 29. Suppose 0 = -2*w + 5*f + 20, 0 = j*w + w - 4*f - 33. Suppose -w*l = 2*x - 328 - 239, 3*x = -4*l + 448. What is the units digit of l?
5
Let g be (216/(-21))/(2/(-161)). Let y = g - 532. What is the units digit of y?
6
Let y be (((-6)/10)/((-12)/40))/1. Suppose -2686 = -y*t - 720. What is the hundreds digit of t?
9
What is the units digit of (-2*65/20)/((-1)/4856)?
4
Let x = 368 - -2680. What is the thousands digit of x?
3
Suppose 3*b - 18 = -3*g, -4*b = -4*g - 0*b. Let m(f) = g*f + 3*f - 13*f + 16*f - 10. What is the tens digit of m(6)?
4
Suppose 11*u + 3*u = 322. Suppose -u*c - 31 = -24*c. Suppose c*o = 34*o - 306. What is the hundreds digit of o?
1
Let x(i) = 6*i**3 - 19*i**2 + 31*i + 16. Let l(q) = -8*q - 65. Let r be l(-9). What is the units digit of x(r)?
0
Let i(l) = -438*l + 9889. What is the ten thousands digit of i(-45)?
2
Suppose -510 - 741 = h - 4*a, 2*h + 5*a = -2515. What is the units digit of (h/20)/(3 + (-25)/8)?
2
Suppose 6*z - 21 = 3*z. Suppose 26*s - 4224 = 14*s. Suppose 3*o - z*o + s = 0. What is the units digit of o?
8
Suppose 79*c = 78*c + 773. What is the hundreds digit of c?
7
Suppose -10*s - 4807 = -51427. What is the units digit of s?
2
Let h = 73 - 71. Suppose 3*j - 8*j - 4*s - 87 = 0, 0 = h*j + 4*s + 42. Let d(b) = -b**3 - 15*b**2 - 7*b + 22. What is the units digit of d(j)?
7
Let f be 155/62 - 13/2. Let s(h) = 95*h**2 - 14*h - 32. What is the units digit of s(f)?
4
Let d be 5/3 + -2 + (-37)/(-111). Let q(j) = -j**2 - 2*j + 1626. What is the hundreds digit of q(d)?
6
Suppose 0 = 21*z - 156417 - 1818. What is the thousands digit of z?
7
Suppose -3*r - 5*d = -67, -3*r + 0*d - d + 47 = 0. Suppose 0 = -r*v + 8070 + 2836. What is the units digit of v?
9
Let c(y) = 70*y**2 + 68*y. What is the hundreds digit of c(6)?
9
Let w = -198 + 202. Suppose g - w*t - 552 = 0, -88 = -4*g + 4*t + 2144. What is the hundreds digit of g?
5
Suppose -133*c - 36260 = -143*c. What is the thousands digit of c?
3
Let k be 891/5 - 1/5. Suppose 5*l = 5*z - 15, 0*z + z = -4*l + 13. Suppose -z*w + k = -287. What is the tens digit of w?
9
Let b(h) = h**3 + 8*h**2 - 14*h - 35. Let z be b(-9). Let s be z/(-30) + 11/(-3). What is the tens digit of (572/55)/(s/(-50))?
3
Let d(s) = -s**3 + 3*s + 312. Let c be d(0). Let j = -453 + c. Let z = j - -197. What is the units digit of z?
6
Let m(b) = 37*b**2 + 36*b - 1116. What is the units digit of m(-34)?
2
Let n be -4 + 315/(0 - -3). Let d = 178 - n. Let p = 142 - d. What is the units digit of p?
5
Suppose -4*f - 7 + 75 = -4*s, 5*s - 125 = -5*f. Suppose -f*j - 96 = -2175. What is the units digit of j?
9
Suppose 4 = 4*f - 12. What is the hundreds digit of (-951)/((-6)/f*1)?
6
What is the hundreds digit of (-2*(65 + -4))/(3101/(-441) - -7)?
8
Let m(o) = 12*o + 12. Let p(b) = b + 6. Let g be p(-8). Let s be m(g). What is the units digit of (-3)/4 - 2109/s?
5
Suppose -6859 = -3*d + 2*g + 4167, -18380 = -5*d + 5*g. What is the thousands digit of d?
3
Suppose -3*u + 15 = 3*c, 2 = -3*c + c + 4*u. Let n(k) be the third derivative of k**6/30 - k**4/12 - k**3/3 + 47*k**2 - 1. What is the tens digit of n(c)?
0
Suppose 96761 + 41501 = 25*q - 11813. What is the thousands digit of q?
6
Let o(g) = -g**3 + 37*g**2 + 5*g + 148. Let b = 208 + -171. What is the tens digit of o(b)?
3
Suppose q + 229 = 1755. Suppose -q = 21*r - 28*r. What is the tens digit of r?
1
Suppose 351 = -5*c - g + 85, c - 5*g + 48 = 0. Let z = -48 - c. Suppose k - 65 = 2*t - 3*t, z*k - 301 = t. What is the units digit of k?
1
Let h(t) = 3*t**3 + 152*t**2 + 95*t + 75. What is the thousands digit of h(-49)?
7
Suppose 3*h - 736132 = -11*o, -5*h + 19886 - 86844 = -o. What is the units digit of o?
3
What is the tens digit of 74*358 - (153 + -156)?
9
Suppose 4*s = -s + v - 68, 4*s = -5*v - 37. Let u(m) = -2*m - 15. Let y be u(s). Let t(h) = 2*h**2 - 14*h - 13. What is the units digit of t(y)?
5
What is the tens digit of ((-1366)/8)/((-97)/5432)?
6
Let k = -49 - -52. Suppose 5*a - 1003 = -3*y, -k*y + 6*y - 953 = 5*a. What is the units digit of y?
6
Let a be -5 + 2/5*30. Suppose -3172 = -a*z + 1539. What is the hundreds digit of z?
6
Let z(o) = -4*o - o**3 - 16*o**2 - 3*o - 62 + 7*o**2 + 71. Let c be z(-8). What is the tens digit of 6/(9/32*c/3)?
6
Let z(w) be the first derivative of 3*w**3 + 10*w**2 + 59*w - 165. What is the hundreds digit of z(-9)?
6
Let r = 142 - 135. Suppose -r*v + 2764 = -372. What is the tens digit of v?
4
Let r(b) be the first derivative of b**4/4 + 3*b**3 + b**2 - 2*b - 245. Let x = -7 + 1. What is the units digit of r(x)?
4
Suppose 93 = 4*j - 163. Let b = 83 + j. What is the tens digit of b?
4
Let g(h) = 95*h**2 - 19*h + 92. Let n be g(4). Suppose 0 = -154*c + 152*c + n. What is the tens digit of c?
6
Suppose 0 = -2*b + 4*f + 62764, 3*b - 5*f - 68074 - 26079 = 0. What is the thousands digit of b?
1
Let f(s) = 4*s + 50. Suppose 4*b + 37 + 11 = 0. Let k be f(b). What is the units digit of -7*(k - 60/21)?
6
Suppose 492*j + 1735750 = 542*j. What is the tens digit of j?
1
Let w = -2792 - -7409. Suppose 4*i - 2*r = -5*r + 9255, -5*r = 2*i - w. Suppose 5*o - 17*o + i = 0. What is the units digit of o?
3
Let d = -47 - -50. Suppose 2*b = c + 53, -4*c + b = -d*b + 196. What is the tens digit of -15*(69/c - 2/15)?
2
Suppose 0 = 5*c - 12*c + 11046. Le